803533 prime?
True
Is 3707269079 composite?
True
Is 53917837 a composite number?
True
Is 2018172829 a composite number?
False
Is 5126529641 prime?
True
Is 15268114423 prime?
True
Is 13033796293 prime?
False
Is 2030183399 a composite number?
True
Is 633542963 a prime number?
True
Is 4317682247 a composite number?
True
Is 143579659989 composite?
True
Is 1899101597 a prime number?
False
Is 959629199 prime?
True
Is 1190001499 a composite number?
False
Is 3849914077 composite?
True
Is 3835740331 a composite number?
True
Is 447455755033 a prime number?
False
Is 13660102073 a composite number?
True
Is 762191837 a composite number?
True
Is 6065846141 a prime number?
True
Is 52369176011 a prime number?
True
Is 4024900511 composite?
True
Is 2682135643 a prime number?
False
Is 9718231647 composite?
True
Is 200680178021 a composite number?
False
Is 111670407379 a composite number?
True
Is 6540612607 a prime number?
True
Is 793708429 a prime number?
True
Is 56260697 composite?
True
Is 359803677 prime?
False
Is 3629158033 prime?
False
Is 138045274853 composite?
False
Is 378066619 a composite number?
True
Is 8104735549 a prime number?
False
Is 3475154681 composite?
False
Is 3351075127 composite?
False
Is 489606959 a composite number?
False
Is 21664103219 a composite number?
True
Is 3329068397 a prime number?
False
Is 3693784951 a composite number?
True
Is 87573077 composite?
True
Is 62431877 prime?
True
Is 112335726467 composite?
False
Is 1068915883 composite?
True
Is 25843701811 a composite number?
True
Is 247728527 a composite number?
True
Is 269549947 prime?
False
Is 115997963 a prime number?
True
Is 1472825621 composite?
True
Is 2143899007 composite?
True
Is 159607398029 composite?
False
Is 3821265103 prime?
False
Is 35959127171 prime?
False
Is 274286323 composite?
True
Is 23409032273 a prime number?
False
Is 362139187 a prime number?
True
Is 14107898941 a prime number?
False
Is 35289378869 a prime number?
True
Is 15636427453 a composite number?
False
Is 152179829 a composite number?
True
Is 7206189607 a prime number?
False
Is 334685951 a composite number?
True
Is 966175571 a prime number?
False
Is 531495507 prime?
False
Is 539462369 composite?
True
Is 183739951 composite?
False
Is 2767334771 a composite number?
False
Is 3018360689 a prime number?
True
Is 241797380801 a composite number?
False
Is 180742171 composite?
False
Is 106521493 composite?
True
Is 214374608293 a composite number?
False
Is 39005893 a composite number?
True
Is 75287473 a prime number?
True
Is 8288173163 composite?
False
Is 88985527349 composite?
False
Is 1444021867 composite?
False
Is 124366601 a prime number?
True
Is 2517741287 prime?
True
Is 2084348111 composite?
False
Is 3237667481 a composite number?
True
Is 79978196489 a prime number?
True
Is 2987422453 composite?
True
Is 54606321881 a composite number?
False
Is 2401764943 prime?
True
Is 8726122427 composite?
True
Is 1146576677 prime?
False
Is 22523895577 a composite number?
False
Is 643210927 prime?
True
Is 420223249 a composite number?
False
Is 1242686273 prime?
False
Is 143165384333 composite?
True
Is 2957481321 a prime number?
False
Is 12761433133 a composite number?
True
Is 8553432869 a composite number?
True
Is 43225309 prime?
True
Is 2677270103 a prime number?
False
Is 258644123 prime?
False
Is 40918820671 a prime number?
True
Is 695118751 a prime number?
False
Is 719321299 composite?
False
Is 28336006585 a composite number?
True
Is 13024289491 composite?
True
Is 195935413 prime?
False
Is 822861023 a composite number?
True
Is 90988241 composite?
False
Is 7005089711 a prime number?
True
Is 43265173907 a composite number?
False
Is 20593249441 a prime number?
False
Is 90838899193 a composite number?
True
Is 668782897 a composite number?
False
Is 96396061963 a composite number?
False
Is 65269645829 a composite number?
False
Is 9193189481 prime?
False
Is 37324538527 prime?
False
Is 1165872601 composite?
False
Is 79598987503 a prime number?
False
Is 643444831 composite?
False
Is 69891923 a composite number?
True
Is 658117639 composite?
True
Is 7160919223 composite?
False
Is 183834695797 a prime number?
True
Is 546679192165 a prime number?
False
Is 5130693241 a prime number?
True
Is 3088628957 a prime number?
True
Is 7002391187 prime?
False
Is 779361053 prime?
True
Is 6409723193 a composite number?
True
Is 712885891 a prime number?
True
Is 115974479 a prime number?
True
Is 13741141621 a composite number?
False
Is 30683950057 composite?
False
Is 22444921193 a prime number?
True
Is 9066960437 a composite number?
False
Is 728763017 composite?
False
Is 37486794899 a composite number?
False
Is 197562011 composite?
True
Is 11627078429 a composite number?
False
Is 3961421197 composite?
False
Is 26855621927 prime?
True
Is 2216741713 a prime number?
True
Is 1191834503 prime?
True
Is 16608983431 a composite number?
False
Is 66686819669 a composite number?
False
Is 11670411803 prime?
False
Is 5058759187 a prime number?
True
Is 699651787 composite?
False
Is 1110594539 prime?
True
Is 1611280829 a prime number?
True
Is 34145055863 prime?
False
Is 318506843 prime?
True
Is 34216903231 a prime number?
False
Is 6476790647 prime?
True
Is 509056802 a composite number?
True
Is 113083667857 a prime number?
True
Is 21688373045 a prime number?
False
Is 235101868699 prime?
True
Is 10485212447 a composite number?
True
Is 15938568719 a prime number?
True
Is 23994520499 a prime number?
True
Is 6792455941 prime?
True
Is 405469634 composite?
True
Is 7661223343 composite?
False
Is 87359414699 a composite number?
False
Is 15419087557 a composite number?
False
Is 3382122659 a composite number?
False
Is 4262999131 a composite number?
True
Is 697585141 composite?
True
Is 51128401741 a composite number?
False
Is 461229761 a composite number?
False
Is 2634002857 composite?
True
Is 95900714329 a prime number?
False
Is 93088509167 a prime number?
True
Is 5077972717 a composite number?
True
Is 3448285201 prime?
True
Is 497480371 a composite number?
True
Is 3077737151 prime?
False
Is 802229839 composite?
True
Is 8505732967 a composite number?
True
Is 26981451323 a prime number?
False
Is 12212298053 prime?
True
Is 10152327373 prime?
True
Is 754251577 composite?
False
Is 43720409059 composite?
True
Is 6081430261 prime?
False
Is 23861136841 a composite number?
False
Is 10765315219 a prime number?
False
Is 24998900329 a prime number?
False
Is 25734920573 a composite number?
True
Is 13905473003 a composite number?
False
Is 107150863 a composite number?
True
Is 18685368917 composite?
False
Is 4696967929 prime?
True
Is 9351915817 a prime number?
False
Is 6084210061 composite?
False
Is 80645386411 a prime number?
True
Is 5340034202 composite?
True
Is 2349845879 a prime number?
False
Is 4061558719 a prime number?
True
Is 530646769 composite?
True
Is 1706722987 prime?
True
Is 2673612182 composite?
True
Is 14982119543 a prime number?
True
Is 263290960859 composite?
True
Is 3742778903 composite?
False
Is 23210327243 a prime number?
False
Is 1445561329 a prime number?
False
Is 2479570337 prime?
True
Is 53918698891 a composite number?
True
Is 28339146841 a prime number?
False
Is 63229677139 a prime number?
True
Is 1419302671 composite?
False
Is 68678032207 prime?
True
Is 5014515239 composite?
False
Is 3201828857 prime?
False
Is 193324831313 prime?
False
Is 1149935327 a composite number?
True
Is 1189020587 prime?
False
Is 14975839205 a composite number?
True
Is 107026093199 a prime number?
False
Is 12568655243 prime?
False
Is 257957648513 composite?
False
Is 4211513287 composite?
True
Is 85797395987 a prime number?
False
Is 1812304031 a prime number?
False
Is 40938266069 composite?
False
Is 116267321 prime?
False
Is 11766647327 composite?
False
Is 1438991563 a prime number?
True
Is 6488607 composite?
True
Is 1167157349 prime?
False
Is 19164624131 a composite number?
False
Is 19714780907 a composite number?
True
Is 98452102017 composite?
True
Is 18178756417 prime?
False
Is 24128541317 a composite number?
True
Is 632377321 a prime number?
True
Is 8732010919 prime?
False
Is 401500163 prime?
False
Is 23544448309 composite?
False
Is 75145799005 a composite number?
True
Is 26543117 prime?
True
Is 10039244443 prime?
False
Is 31514179201 a prime number?
False
Is 3586589641 composite?
T